{"id":442,"date":"2021-01-15T03:15:41","date_gmt":"2021-01-15T02:15:41","guid":{"rendered":"https:\/\/afadisbaixmontseny.org\/?page_id=442"},"modified":"2021-02-18T12:58:21","modified_gmt":"2021-02-18T11:58:21","slug":"avis-legal","status":"publish","type":"page","link":"https:\/\/afadisbaixmontseny.org\/?page_id=442","title":{"rendered":"Av\u00eds legal"},"content":{"rendered":"\t\t<div data-elementor-type=\"wp-page\" data-elementor-id=\"442\" class=\"elementor elementor-442\" data-elementor-post-type=\"page\">\n\t\t\t\t\t\t<section class=\"elementor-section elementor-top-section elementor-element elementor-element-5d61d14c elementor-section-boxed elementor-section-height-default elementor-section-height-default\" data-id=\"5d61d14c\" data-element_type=\"section\" data-e-type=\"section\" data-settings=\"{&quot;background_background&quot;:&quot;classic&quot;}\">\n\t\t\t\t\t\t<div class=\"elementor-container elementor-column-gap-default\">\n\t\t\t\t\t<div class=\"elementor-column elementor-col-100 elementor-top-column elementor-element elementor-element-6fa5f339\" data-id=\"6fa5f339\" data-element_type=\"column\" data-e-type=\"column\">\n\t\t\t<div class=\"elementor-widget-wrap elementor-element-populated\">\n\t\t\t\t\t\t<div class=\"elementor-element elementor-element-7a4d80da elementor-widget elementor-widget-text-editor\" data-id=\"7a4d80da\" data-element_type=\"widget\" data-e-type=\"widget\" data-widget_type=\"text-editor.default\">\n\t\t\t\t<div class=\"elementor-widget-container\">\n\t\t\t\t\t\t\t\t\t<h1><strong>Av\u00eds legal.<\/strong><\/h1>\n<p>De conformitat amb el Reglament (UE) 2016\/679 del Parlament Europeu i del Consell, de 27 d\u2019abril de 2016, relatiu a la protecci\u00f3 de les persones f\u00edsiques pel que fa al tractament de dades personals i a la lliure circulaci\u00f3 d\u2019aquestes dades, a continuaci\u00f3 s\u2019especifica la pol\u00edtica de privacitat aplicada a les dades personals facilitades a <strong>l\u2019Associaci\u00f3 de Fam\u00edlies amb Discapacitat del Baix Montseny<\/strong> a trav\u00e9s de qualsevol mitj\u00e0, incloent-hi format paper o electr\u00f2nic:<\/p>\n<p><strong>Qui \u00e9s el responsable de les dades personals facilitades?<\/strong><\/p>\n<p><strong>Identitat:&nbsp;&nbsp;&nbsp;&nbsp; &nbsp; &nbsp;&nbsp;&nbsp;&nbsp;&nbsp;&nbsp; Associaci\u00f3 de Fam\u00edlies amb Discapacitat del Baix Montseny<\/strong>,<br><strong>CIF:&nbsp;&nbsp;&nbsp;&nbsp;&nbsp;&nbsp;&nbsp;&nbsp;&nbsp;&nbsp;&nbsp;&nbsp; &nbsp; &nbsp;&nbsp; &nbsp; &nbsp;&nbsp; <\/strong>G-65569659,<br><strong>Adre\u00e7a: &nbsp;&nbsp;&nbsp;&nbsp;&nbsp;&nbsp;&nbsp;&nbsp;&nbsp;&nbsp;&nbsp;&nbsp;&nbsp;&nbsp; Passeig del Doctor Barri, 2, 1\u00aa planta, Sta Maria de Palautordera<\/strong>,<br><strong>Tel\u00e8fon: 930003350<\/strong>,<br><strong>Correu electr\u00f2nic del responsable del tractament: &nbsp;&nbsp;&nbsp;&nbsp;&nbsp;&nbsp;&nbsp;&nbsp;&nbsp;&nbsp;&nbsp;&nbsp;&nbsp; info@afadis.org<\/strong>,<br><strong>Contacte delegat de protecci\u00f3 de dades (DPO):&nbsp;&nbsp;&nbsp;&nbsp;&nbsp; protecciodades@afadis.org<\/strong>,<\/p>\n<p><strong>Per a quines finalitats s\u2019empraran aquestes dades i durant quant temps?<\/strong><\/p>\n<p><strong>Objectiu: <\/strong>La informaci\u00f3 facilitada t\u00e9 per objecte l\u2019execuci\u00f3 del contracte existent entre el responsable del tractament i la persona, aix\u00ed com l\u2019exercici dels drets i obligacions derivats de la seva relaci\u00f3 amb l\u2019entitat. Tamb\u00e9 servir\u00e0 per remetre-li informaci\u00f3 comercial que pugui ser del seu inter\u00e8s, siguin promocions, ofertes o noves cobertures que ofereixi l\u2019entitat.<\/p>\n<p>En cas que la persona no tingui la condici\u00f3 de soci\/a i\/o beneficiari, les dades facilitades nom\u00e9s es faran servir per donar resposta a les sol\u00b7licituds formulades per qualsevol persona i remetre-li informaci\u00f3 comercial.<\/p>\n<p>Les dades facilitades no s\u2019empraran per elaborar perfils.<\/p>\n<p>En cas que les dades facilitades es volguessin emprar per altres fins diferents dels descrits anteriorment, s\u2019informar\u00e0 la persona interessada de la nova finalitat a l\u2019efecte de prestar el seu consentiment.<\/p>\n<p><strong>Durada:<\/strong> Les dades personals proporcionades es conservaran sempre que la relaci\u00f3 entre <strong>Afadis Baix Montseny<\/strong> i la persona interessada estigui vigent. Quan hagi finalitzat, les dades personals no es cancel\u00b7laran fins que la persona interessada (o la seva representaci\u00f3 legal) exerceixi el dret de supressi\u00f3 reconegut en aquesta pol\u00edtica de privacitat.<\/p>\n<p><strong>Per qu\u00e8 haig de comunicar les meves dades?<\/strong><\/p>\n<p>La base legal de la legitimaci\u00f3 pel tractament de les dades facilitades a <strong>Afadis Baix Montseny <\/strong>\u00e9s el consentiment expr\u00e9s de la persona interessada i, si escau, l\u2019execuci\u00f3 del contracte subscrit amb el responsable del tractament, sigui en la seva condici\u00f3 de soci\/a o com a beneficiari.<\/p>\n<p>Si es comunica amb l\u2019entitat a trav\u00e9s d\u2019algun dels formularis d\u2019aquest lloc web, haur\u00e0 d\u2019omplir totes les dades que se li requereixen com a \u201cobligat\u00f2ries\u201d i es responsabilitzar\u00e0 de la seva actualitzaci\u00f3 i veracitat. L\u2019omissi\u00f3 de les dades no obligat\u00f2ries pot comportar una resposta parcial a la q\u00fcesti\u00f3 plantejada.<\/p>\n<p><strong>Qui tindr\u00e0 acc\u00e9s a les meves dades personals?<\/strong><\/p>\n<p>Les dades facilitades seran cedides a terceres persones amb l\u2019\u00fanica finalitat de complir amb l\u2019execuci\u00f3 del contracte i a l\u2019efecte de fer efectives les cobertures contractades. Llevat d\u2019aquesta excepci\u00f3 i de l\u2019obligaci\u00f3 legal i\/o consentiment expr\u00e9s de la persona afectada, les dades personals facilitades a <strong>Afadis Baix Montseny<\/strong> no seran cedides a terceres persones.<\/p>\n<p><strong>Quins drets tinc?<\/strong><\/p>\n<p>Qualsevol persona (o el seu representant legal) pot exercitar davant <strong>Afadis Baix Montseny<\/strong> els seg\u00fcents drets, que li s\u00f3n reconeguts per la normativa de protecci\u00f3 de dades i s\u2019indiquen a continuaci\u00f3.<\/p>\n<p>Per exercir qualsevol d\u2019aquests drets, la persona afectada podr\u00e0 remetre una sol\u00b7licitud a Afadis Baix Montseny o b\u00e9 a l\u2019adre\u00e7a indicada a la secci\u00f3 sobre el responsable del tractament o b\u00e9 a trav\u00e9s d\u2019un correu electr\u00f2nic a <strong>protecciodades@afadis.org<\/strong>. La persona sol\u00b7licitant tamb\u00e9 haur\u00e0 d\u2019acreditar la seva identitat, sigui amb el seu DNI o NIE.<\/p>\n<p>Igualment, si es consideressin vulnerats els seus drets, la persona interessada t\u00e9 dret a presentar una reclamaci\u00f3 davant l\u2019Ag\u00e8ncia Espanyola de Protecci\u00f3 de Dades, amb domicili a Carrer Jorge Juan, 6 28001- Madrid (m\u00e9s informaci\u00f3 a www.agpd.es).<\/p>\n<p><strong>Dret d\u2019acc\u00e9s:<\/strong> Dret a con\u00e8ixer si <strong>Afadis Baix Montseny<\/strong> est\u00e0 tractant o no les seves dades personals. En cas afirmatiu,<strong> Afadis Baix Montseny<\/strong> ha de proporcionar la informaci\u00f3 relativa a les dades, els destinataris, les finalitats i les categories de les dades, aix\u00ed com el possible exercici dels drets que li corresponguin.<\/p>\n<p><strong>Dret a la portabilitat:<\/strong> Dret de la persona afectada (o els seus representants legals) a rebre una c\u00f2pia de les dades d\u2019<strong>Afadis Baix Montseny <\/strong>en format estructurat, d\u2019\u00fas com\u00fa i de lectura mec\u00e0nica, que es podr\u00e0 transmetre a un altre responsable.<\/p>\n<p><strong>Dret de rectificaci\u00f3:<\/strong> Dret a obtenir sense dilaci\u00f3 indeguda la rectificaci\u00f3 de les dades personals inexactes o completar les dades err\u00f2nies.<\/p>\n<p><strong>Dret de supressi\u00f3:<\/strong> Dret de la persona interessada a obtenir la supressi\u00f3, sense dilacions, de les seves dades personals quan, entre altres causes, ho sol\u00b7liciti la persona afectada.<\/p>\n<p><strong>Dret d\u2019oposici\u00f3:<\/strong> Dret de la persona interessada a que les seves dades no siguin tractades o que es cessi en el seu tractament de les dades facilitades.<\/p>\n<p><strong>Dret de limitaci\u00f3:<\/strong> Dret de la persona afectada a que les seves dades siguin tractades \u00fanicament amb una finalitat concreta.<\/p>\n<p>La web <strong>www.afadis.org <\/strong>\u00e9s titularitat <strong>d\u2019Afadis Baix Montseny<\/strong> i els seus continguts s\u00f3n de la seva exclusiva propietat o s\u2019ofereixen amb la corresponent autoritzaci\u00f3 dels seus autors titulars, com a conseq\u00fc\u00e8ncia dels acords subscrits amb tercers, i estan sotmesos a drets de propietat intel\u00b7lectual i industrial, i protegits per la legislaci\u00f3 nacional i internacional, i queda prohibida la reproducci\u00f3, utilitzaci\u00f3, modificaci\u00f3 i distribuci\u00f3 dels continguts en qualsevol tipus de suport sense perm\u00eds expl\u00edcit o sense indicar la proced\u00e8ncia, i s\u2019autoritzen els enlla\u00e7os des d\u2019altres p\u00e0gines.<\/p>\n<p>L\u2019usuari podr\u00e0 visualitzar els diferents continguts, imprimir-los i emmagatzemar-los sempre que sigui, \u00fanicament i exclusivament per al seu \u00fas personal. Per tant, queda terminantment prohibida la seva distribuci\u00f3 i utilitzaci\u00f3 amb finalitats comercials i la seva modificaci\u00f3 o alteraci\u00f3.<\/p>\t\t\t\t\t\t\t\t<\/div>\n\t\t\t\t<\/div>\n\t\t\t\t\t<\/div>\n\t\t<\/div>\n\t\t\t\t\t<\/div>\n\t\t<\/section>\n\t\t\t\t<\/div>\n\t\t","protected":false},"excerpt":{"rendered":"<p>Av\u00eds legal. De conformitat amb el Reglament (UE) 2016\/679 del Parlament Europeu i del Consell, de 27 d\u2019abril de 2016, relatiu a la protecci\u00f3 de les persones f\u00edsiques pel que fa al tractament de dades personals i a la lliure circulaci\u00f3 d\u2019aquestes dades, a continuaci\u00f3 s\u2019especifica la pol\u00edtica de privacitat aplicada a les dades personals [&hellip;]<\/p>\n","protected":false},"author":1,"featured_media":0,"parent":0,"menu_order":0,"comment_status":"closed","ping_status":"closed","template":"","meta":{"ocean_post_layout":"","ocean_both_sidebars_style":"","ocean_both_sidebars_content_width":0,"ocean_both_sidebars_sidebars_width":0,"ocean_sidebar":"","ocean_second_sidebar":"","ocean_disable_margins":"enable","ocean_add_body_class":"","ocean_shortcode_before_top_bar":"","ocean_shortcode_after_top_bar":"","ocean_shortcode_before_header":"","ocean_shortcode_after_header":"","ocean_has_shortcode":"","ocean_shortcode_after_title":"","ocean_shortcode_before_footer_widgets":"","ocean_shortcode_after_footer_widgets":"","ocean_shortcode_before_footer_bottom":"","ocean_shortcode_after_footer_bottom":"","ocean_display_top_bar":"default","ocean_display_header":"default","ocean_header_style":"","ocean_center_header_left_menu":"","ocean_custom_header_template":"","ocean_custom_logo":0,"ocean_custom_retina_logo":0,"ocean_custom_logo_max_width":0,"ocean_custom_logo_tablet_max_width":0,"ocean_custom_logo_mobile_max_width":0,"ocean_custom_logo_max_height":0,"ocean_custom_logo_tablet_max_height":0,"ocean_custom_logo_mobile_max_height":0,"ocean_header_custom_menu":"","ocean_menu_typo_font_family":"","ocean_menu_typo_font_subset":"","ocean_menu_typo_font_size":0,"ocean_menu_typo_font_size_tablet":0,"ocean_menu_typo_font_size_mobile":0,"ocean_menu_typo_font_size_unit":"px","ocean_menu_typo_font_weight":"","ocean_menu_typo_font_weight_tablet":"","ocean_menu_typo_font_weight_mobile":"","ocean_menu_typo_transform":"","ocean_menu_typo_transform_tablet":"","ocean_menu_typo_transform_mobile":"","ocean_menu_typo_line_height":0,"ocean_menu_typo_line_height_tablet":0,"ocean_menu_typo_line_height_mobile":0,"ocean_menu_typo_line_height_unit":"","ocean_menu_typo_spacing":0,"ocean_menu_typo_spacing_tablet":0,"ocean_menu_typo_spacing_mobile":0,"ocean_menu_typo_spacing_unit":"","ocean_menu_link_color":"","ocean_menu_link_color_hover":"","ocean_menu_link_color_active":"","ocean_menu_link_background":"","ocean_menu_link_hover_background":"","ocean_menu_link_active_background":"","ocean_menu_social_links_bg":"","ocean_menu_social_hover_links_bg":"","ocean_menu_social_links_color":"","ocean_menu_social_hover_links_color":"","ocean_disable_title":"default","ocean_disable_heading":"default","ocean_post_title":"","ocean_post_subheading":"","ocean_post_title_style":"","ocean_post_title_background_color":"","ocean_post_title_background":0,"ocean_post_title_bg_image_position":"","ocean_post_title_bg_image_attachment":"","ocean_post_title_bg_image_repeat":"","ocean_post_title_bg_image_size":"","ocean_post_title_height":0,"ocean_post_title_bg_overlay":0.5,"ocean_post_title_bg_overlay_color":"","ocean_disable_breadcrumbs":"default","ocean_breadcrumbs_color":"","ocean_breadcrumbs_separator_color":"","ocean_breadcrumbs_links_color":"","ocean_breadcrumbs_links_hover_color":"","ocean_display_footer_widgets":"default","ocean_display_footer_bottom":"default","ocean_custom_footer_template":"","footnotes":""},"class_list":["post-442","page","type-page","status-publish","hentry","entry"],"yoast_head":"<!-- This site is optimized with the Yoast SEO plugin v27.5 - https:\/\/yoast.com\/product\/yoast-seo-wordpress\/ -->\n<title>Av\u00eds legal &#8902;<\/title>\n<meta name=\"robots\" content=\"noindex, nofollow\" \/>\n<meta property=\"og:locale\" content=\"ca_ES\" \/>\n<meta property=\"og:type\" content=\"article\" \/>\n<meta property=\"og:title\" content=\"Av\u00eds legal &#8902;\" \/>\n<meta property=\"og:description\" content=\"Av\u00eds legal. De conformitat amb el Reglament (UE) 2016\/679 del Parlament Europeu i del Consell, de 27 d\u2019abril de 2016, relatiu a la protecci\u00f3 de les persones f\u00edsiques pel que fa al tractament de dades personals i a la lliure circulaci\u00f3 d\u2019aquestes dades, a continuaci\u00f3 s\u2019especifica la pol\u00edtica de privacitat aplicada a les dades personals [&hellip;]\" \/>\n<meta property=\"og:url\" content=\"https:\/\/afadisbaixmontseny.org\/?page_id=442\" \/>\n<meta property=\"article:publisher\" content=\"https:\/\/www.facebook.com\/afadis.baixmontseny\" \/>\n<meta property=\"article:modified_time\" content=\"2021-02-18T11:58:21+00:00\" \/>\n<meta name=\"twitter:card\" content=\"summary_large_image\" \/>\n<meta name=\"twitter:site\" content=\"@AfadisBaix\" \/>\n<meta name=\"twitter:label1\" content=\"Temps estimat de lectura\" \/>\n\t<meta name=\"twitter:data1\" content=\"5 minuts\" \/>\n<script type=\"application\/ld+json\" class=\"yoast-schema-graph\">{\"@context\":\"https:\\\/\\\/schema.org\",\"@graph\":[{\"@type\":\"WebPage\",\"@id\":\"https:\\\/\\\/afadisbaixmontseny.org\\\/?page_id=442\",\"url\":\"https:\\\/\\\/afadisbaixmontseny.org\\\/?page_id=442\",\"name\":\"Av\u00eds legal &#8902;\",\"isPartOf\":{\"@id\":\"https:\\\/\\\/afadisbaixmontseny.org\\\/#website\"},\"datePublished\":\"2021-01-15T02:15:41+00:00\",\"dateModified\":\"2021-02-18T11:58:21+00:00\",\"breadcrumb\":{\"@id\":\"https:\\\/\\\/afadisbaixmontseny.org\\\/?page_id=442#breadcrumb\"},\"inLanguage\":\"ca\",\"potentialAction\":[{\"@type\":\"ReadAction\",\"target\":[\"https:\\\/\\\/afadisbaixmontseny.org\\\/?page_id=442\"]}]},{\"@type\":\"BreadcrumbList\",\"@id\":\"https:\\\/\\\/afadisbaixmontseny.org\\\/?page_id=442#breadcrumb\",\"itemListElement\":[{\"@type\":\"ListItem\",\"position\":1,\"name\":\"Portada\",\"item\":\"https:\\\/\\\/afadisbaixmontseny.org\\\/\"},{\"@type\":\"ListItem\",\"position\":2,\"name\":\"Av\u00eds legal\"}]},{\"@type\":\"WebSite\",\"@id\":\"https:\\\/\\\/afadisbaixmontseny.org\\\/#website\",\"url\":\"https:\\\/\\\/afadisbaixmontseny.org\\\/\",\"name\":\"Afadis Baix Montseny\",\"description\":\"\",\"publisher\":{\"@id\":\"https:\\\/\\\/afadisbaixmontseny.org\\\/#organization\"},\"potentialAction\":[{\"@type\":\"SearchAction\",\"target\":{\"@type\":\"EntryPoint\",\"urlTemplate\":\"https:\\\/\\\/afadisbaixmontseny.org\\\/?s={search_term_string}\"},\"query-input\":{\"@type\":\"PropertyValueSpecification\",\"valueRequired\":true,\"valueName\":\"search_term_string\"}}],\"inLanguage\":\"ca\"},{\"@type\":\"Organization\",\"@id\":\"https:\\\/\\\/afadisbaixmontseny.org\\\/#organization\",\"name\":\"Afadis Baix Montseny\",\"url\":\"https:\\\/\\\/afadisbaixmontseny.org\\\/\",\"logo\":{\"@type\":\"ImageObject\",\"inLanguage\":\"ca\",\"@id\":\"https:\\\/\\\/afadisbaixmontseny.org\\\/#\\\/schema\\\/logo\\\/image\\\/\",\"url\":\"https:\\\/\\\/afadisbaixmontseny.org\\\/wp-content\\\/uploads\\\/2020\\\/11\\\/Logo-Afadis-560.png\",\"contentUrl\":\"https:\\\/\\\/afadisbaixmontseny.org\\\/wp-content\\\/uploads\\\/2020\\\/11\\\/Logo-Afadis-560.png\",\"width\":560,\"height\":452,\"caption\":\"Afadis Baix Montseny\"},\"image\":{\"@id\":\"https:\\\/\\\/afadisbaixmontseny.org\\\/#\\\/schema\\\/logo\\\/image\\\/\"},\"sameAs\":[\"https:\\\/\\\/www.facebook.com\\\/afadis.baixmontseny\",\"https:\\\/\\\/x.com\\\/AfadisBaix\"]}]}<\/script>\n<!-- \/ Yoast SEO plugin. -->","yoast_head_json":{"title":"Av\u00eds legal &#8902;","robots":{"index":"noindex","follow":"nofollow"},"og_locale":"ca_ES","og_type":"article","og_title":"Av\u00eds legal &#8902;","og_description":"Av\u00eds legal. De conformitat amb el Reglament (UE) 2016\/679 del Parlament Europeu i del Consell, de 27 d\u2019abril de 2016, relatiu a la protecci\u00f3 de les persones f\u00edsiques pel que fa al tractament de dades personals i a la lliure circulaci\u00f3 d\u2019aquestes dades, a continuaci\u00f3 s\u2019especifica la pol\u00edtica de privacitat aplicada a les dades personals [&hellip;]","og_url":"https:\/\/afadisbaixmontseny.org\/?page_id=442","article_publisher":"https:\/\/www.facebook.com\/afadis.baixmontseny","article_modified_time":"2021-02-18T11:58:21+00:00","twitter_card":"summary_large_image","twitter_site":"@AfadisBaix","twitter_misc":{"Temps estimat de lectura":"5 minuts"},"schema":{"@context":"https:\/\/schema.org","@graph":[{"@type":"WebPage","@id":"https:\/\/afadisbaixmontseny.org\/?page_id=442","url":"https:\/\/afadisbaixmontseny.org\/?page_id=442","name":"Av\u00eds legal &#8902;","isPartOf":{"@id":"https:\/\/afadisbaixmontseny.org\/#website"},"datePublished":"2021-01-15T02:15:41+00:00","dateModified":"2021-02-18T11:58:21+00:00","breadcrumb":{"@id":"https:\/\/afadisbaixmontseny.org\/?page_id=442#breadcrumb"},"inLanguage":"ca","potentialAction":[{"@type":"ReadAction","target":["https:\/\/afadisbaixmontseny.org\/?page_id=442"]}]},{"@type":"BreadcrumbList","@id":"https:\/\/afadisbaixmontseny.org\/?page_id=442#breadcrumb","itemListElement":[{"@type":"ListItem","position":1,"name":"Portada","item":"https:\/\/afadisbaixmontseny.org\/"},{"@type":"ListItem","position":2,"name":"Av\u00eds legal"}]},{"@type":"WebSite","@id":"https:\/\/afadisbaixmontseny.org\/#website","url":"https:\/\/afadisbaixmontseny.org\/","name":"Afadis Baix Montseny","description":"","publisher":{"@id":"https:\/\/afadisbaixmontseny.org\/#organization"},"potentialAction":[{"@type":"SearchAction","target":{"@type":"EntryPoint","urlTemplate":"https:\/\/afadisbaixmontseny.org\/?s={search_term_string}"},"query-input":{"@type":"PropertyValueSpecification","valueRequired":true,"valueName":"search_term_string"}}],"inLanguage":"ca"},{"@type":"Organization","@id":"https:\/\/afadisbaixmontseny.org\/#organization","name":"Afadis Baix Montseny","url":"https:\/\/afadisbaixmontseny.org\/","logo":{"@type":"ImageObject","inLanguage":"ca","@id":"https:\/\/afadisbaixmontseny.org\/#\/schema\/logo\/image\/","url":"https:\/\/afadisbaixmontseny.org\/wp-content\/uploads\/2020\/11\/Logo-Afadis-560.png","contentUrl":"https:\/\/afadisbaixmontseny.org\/wp-content\/uploads\/2020\/11\/Logo-Afadis-560.png","width":560,"height":452,"caption":"Afadis Baix Montseny"},"image":{"@id":"https:\/\/afadisbaixmontseny.org\/#\/schema\/logo\/image\/"},"sameAs":["https:\/\/www.facebook.com\/afadis.baixmontseny","https:\/\/x.com\/AfadisBaix"]}]}},"_links":{"self":[{"href":"https:\/\/afadisbaixmontseny.org\/index.php?rest_route=\/wp\/v2\/pages\/442","targetHints":{"allow":["GET"]}}],"collection":[{"href":"https:\/\/afadisbaixmontseny.org\/index.php?rest_route=\/wp\/v2\/pages"}],"about":[{"href":"https:\/\/afadisbaixmontseny.org\/index.php?rest_route=\/wp\/v2\/types\/page"}],"author":[{"embeddable":true,"href":"https:\/\/afadisbaixmontseny.org\/index.php?rest_route=\/wp\/v2\/users\/1"}],"replies":[{"embeddable":true,"href":"https:\/\/afadisbaixmontseny.org\/index.php?rest_route=%2Fwp%2Fv2%2Fcomments&post=442"}],"version-history":[{"count":0,"href":"https:\/\/afadisbaixmontseny.org\/index.php?rest_route=\/wp\/v2\/pages\/442\/revisions"}],"wp:attachment":[{"href":"https:\/\/afadisbaixmontseny.org\/index.php?rest_route=%2Fwp%2Fv2%2Fmedia&parent=442"}],"curies":[{"name":"wp","href":"https:\/\/api.w.org\/{rel}","templated":true}]}}